{"id":1722,"date":"2025-11-04T11:22:28","date_gmt":"2025-11-04T14:22:28","guid":{"rendered":"https:\/\/cadernosdematematica.com.br\/curoslatex\/?page_id=1722"},"modified":"2025-11-04T11:22:28","modified_gmt":"2025-11-04T14:22:28","slug":"latex-e-ia-matricula","status":"publish","type":"page","link":"https:\/\/cadernosdematematica.com.br\/curoslatex\/latex-e-ia-matricula\/","title":{"rendered":"LaTeX e Ia \u2013 Matr\u00edcula"},"content":{"rendered":"<div class=\"everest-forms\"><div class=\"evf-container default\" id=\"evf-1721\"><form id=\"evf-form-1721\" class=\"everest-form\" data-formid=\"1721\" data-ajax_submission=\"0\" data-keyboard_friendly_form=\"0\" data-form_state_type=\"\" method=\"post\" enctype=\"multipart\/form-data\" action=\"\/curoslatex\/wp-json\/wp\/v2\/pages\/1722\"><div class=\"evf-field-container\"><input type=\"hidden\" id=\"_wpnonce1721\" name=\"_wpnonce1721\" value=\"8272dc847e\" \/><input type=\"hidden\" name=\"_wp_http_referer\" value=\"\/curoslatex\/wp-json\/wp\/v2\/pages\/1722\" \/><div class=\"evf-frontend-row\" data-row=\"row_1\" conditional_rules=\"[]\"><div class=\"evf-frontend-grid evf-grid-1\" data-grid=\"grid_1\"><div id=\"evf-1721-field_ys0GeZISRs-1-container\" class=\"evf-field evf-field-first-name form-row validate-required\" data-required-field-message=\"Este campo \u00e9 obrigat\u00f3rio\" data-field-id=\"ys0GeZISRs-1\"><label class=\"evf-field-label\" for=\"evf-1721-field_ys0GeZISRs-1\"><span class=\"evf-label\">Nome Completo<\/span> <abbr class=\"required\" title=\"Required\">*<\/abbr><\/label><input type=\"text\" id=\"evf-1721-field_ys0GeZISRs-1\" class=\"input-text\" name=\"everest_forms[form_fields][ys0GeZISRs-1]\" required><\/div><div id=\"evf-1721-field_xrV7qXFGOD-13-container\" class=\"evf-field evf-field-text form-row validate-required\" data-required-field-message=\"Este campo \u00e9 obrigat\u00f3rio\" data-field-id=\"xrV7qXFGOD-13\"><label class=\"evf-field-label\" for=\"evf-1721-field_xrV7qXFGOD-13\"><span class=\"evf-label\">Whatsapp (DDD+telefone)<\/span> <abbr class=\"required\" title=\"Required\">*<\/abbr><\/label><input type=\"text\" id=\"evf-1721-field_xrV7qXFGOD-13\" class=\"input-text\" name=\"everest_forms[form_fields][xrV7qXFGOD-13]\" placeholder=\"(xx) xxxxx-xxxx\" required><\/div><div id=\"evf-1721-field_LbH5NxasXM-2-container\" class=\"evf-field evf-field-email form-row validate-required validate-email\" data-required-field-message=\"Por favor entre um email Google v\u00e1lido\" data-field-id=\"LbH5NxasXM-2\"><label class=\"evf-field-label\" for=\"evf-1721-field_LbH5NxasXM-2\"><span class=\"evf-label\">Conta Google (gmail ou email institucional Google)<\/span> <abbr class=\"required\" title=\"Required\">*<\/abbr><\/label><input type=\"email\" id=\"evf-1721-field_LbH5NxasXM-2\" class=\"input-text\" name=\"everest_forms[form_fields][LbH5NxasXM-2]\" placeholder=\"suuaconta@gmail.com\" required ><\/div><div id=\"evf-1721-field_iTD8o165Yj-8-container\" class=\"evf-field evf-field-date-time form-row validate-required\" data-required-field-message=\"Este campo \u00e9 obrigat\u00f3rio\" data-field-id=\"iTD8o165Yj-8\"><label class=\"evf-field-label\" for=\"evf-1721-field_iTD8o165Yj-8\"><span class=\"evf-label\">Data de Nascimento<\/span> <abbr class=\"required\" title=\"Required\">*<\/abbr><\/label><input type=\"text\" id=\"evf-1721-field_iTD8o165Yj-8\" class=\"flatpickr-field input-text\" name=\"everest_forms[form_fields][iTD8o165Yj-8]\" placeholder=\"xx\/xx\/xxxx\" data-time-interval=\"15\" data-date-time=\"date\" data-mode=\"single\" data-locale=\"pt\" data-date-format=\"d\/m\/Y\" required ><\/div><div id=\"evf-1721-field_R625FgxbEl-9-container\" class=\"evf-field evf-field-number form-row validate-required\" data-required-field-message=\"Please enter a valid number.\" data-field-id=\"R625FgxbEl-9\"><label class=\"evf-field-label\" for=\"evf-1721-field_R625FgxbEl-9\"><span class=\"evf-label\">CPF (ser\u00e1 colocado no certificado - por favor certifique-se de colocar o n\u00famero correto)<\/span> <abbr class=\"required\" title=\"Required\">*<\/abbr><\/label><input type=\"number\" id=\"evf-1721-field_R625FgxbEl-9\" class=\"input-text\" name=\"everest_forms[form_fields][R625FgxbEl-9]\" placeholder=\"xxxxxxxxxxx\" step=\"1\" max=\"99999999999\" required\/><\/div><div id=\"evf-1721-field_usdUkdMkqS-11-container\" class=\"evf-field evf-field-select form-row validate-required\" data-required-field-message=\"Este campo \u00e9 obrigat\u00f3rio\" data-field-id=\"usdUkdMkqS-11\"><label class=\"evf-field-label\" for=\"evf-1721-field_usdUkdMkqS-11\"><span class=\"evf-label\">UF<\/span> <abbr class=\"required\" title=\"Required\">*<\/abbr><\/label><select id=\"evf-1721-field_usdUkdMkqS-11\" class=\"input-text evf-field-required\" name=\"everest_forms[form_fields][usdUkdMkqS-11]\" required=\"required\" ><option value=\"\" class=\"placeholder\" disabled  selected='selected'>Escolha seu estado<\/option><option value=\"Acre\" >Acre<\/option><option value=\"Alagoas\" >Alagoas<\/option><option value=\"Amap\u00e1\" >Amap\u00e1<\/option><option value=\"Amazonas\" >Amazonas<\/option><option value=\"Bahia\" >Bahia<\/option><option value=\"Cear\u00e1\" >Cear\u00e1<\/option><option value=\"Distrito Federal\" >Distrito Federal<\/option><option value=\"Esp\u00edrito Santo\" >Esp\u00edrito Santo<\/option><option value=\"Goi\u00e1s\" >Goi\u00e1s<\/option><option value=\"Maranh\u00e3o\" >Maranh\u00e3o<\/option><option value=\"Mato Grosso\" >Mato Grosso<\/option><option value=\"Mato Grosso do Sul\" >Mato Grosso do Sul<\/option><option value=\"Minas Gerais\" >Minas Gerais<\/option><option value=\"Par\u00e1\" >Par\u00e1<\/option><option value=\"Para\u00edba\" >Para\u00edba<\/option><option value=\"Paran\u00e1\" >Paran\u00e1<\/option><option value=\"Pernambuco\" >Pernambuco<\/option><option value=\"Piau\u00ed\" >Piau\u00ed<\/option><option value=\"Rio de Janeiro\" >Rio de Janeiro<\/option><option value=\"Rio Grande do Norte\" >Rio Grande do Norte<\/option><option value=\"Rio Grande do Sul\" >Rio Grande do Sul<\/option><option value=\"Rond\u00f4nia\" >Rond\u00f4nia<\/option><option value=\"Roraima\" >Roraima<\/option><option value=\"Santa Catarina\" >Santa Catarina<\/option><option value=\"S\u00e3o Paulo\" >S\u00e3o Paulo<\/option><option value=\"Sergipe\" >Sergipe<\/option><option value=\"Tocantins\" >Tocantins<\/option><\/select><\/div><div id=\"evf-1721-field_NE5zSv6mRc-12-container\" class=\"evf-field evf-field-checkbox form-row validate-required\" data-required-field-message=\"Este Campo \u00e9 obrigat\u00f3rio\" data-field-id=\"NE5zSv6mRc-12\"><label class=\"evf-field-label\" for=\"evf-1721-field_NE5zSv6mRc-12\"><span class=\"evf-label\">Seu perfil<\/span> <abbr class=\"required\" title=\"Required\">*<\/abbr><\/label><ul id=\"evf-1721-field_NE5zSv6mRc-12\" class=\" evf-field-required\"><li class=\"choice-1 depth-1\"><input type=\"checkbox\" id=\"evf-1721-field_NE5zSv6mRc-12_1\" class=\"input-text\" name=\"everest_forms[form_fields][NE5zSv6mRc-12][]\" value=\"Professor de Ensino Fundamental\" required ><label class=\"everest-forms-field-label-inline\" for=\"evf-1721-field_NE5zSv6mRc-12_1\">Professor de Ensino Fundamental<\/label><\/li><li class=\"choice-2 depth-1\"><input type=\"checkbox\" id=\"evf-1721-field_NE5zSv6mRc-12_2\" class=\"input-text\" name=\"everest_forms[form_fields][NE5zSv6mRc-12][]\" value=\"Professor de Ensino M\u00e9dio\" required ><label class=\"everest-forms-field-label-inline\" for=\"evf-1721-field_NE5zSv6mRc-12_2\">Professor de Ensino M\u00e9dio<\/label><\/li><li class=\"choice-3 depth-1\"><input type=\"checkbox\" id=\"evf-1721-field_NE5zSv6mRc-12_3\" class=\"input-text\" name=\"everest_forms[form_fields][NE5zSv6mRc-12][]\" value=\"Professor de Ensino Superior\" required ><label class=\"everest-forms-field-label-inline\" for=\"evf-1721-field_NE5zSv6mRc-12_3\">Professor de Ensino Superior<\/label><\/li><li class=\"choice-4 depth-1\"><input type=\"checkbox\" id=\"evf-1721-field_NE5zSv6mRc-12_4\" class=\"input-text\" name=\"everest_forms[form_fields][NE5zSv6mRc-12][]\" value=\"Estudante de Gradua\u00e7\u00e3o\" required ><label class=\"everest-forms-field-label-inline\" for=\"evf-1721-field_NE5zSv6mRc-12_4\">Estudante de Gradua\u00e7\u00e3o<\/label><\/li><li class=\"choice-5 depth-1\"><input type=\"checkbox\" id=\"evf-1721-field_NE5zSv6mRc-12_5\" class=\"input-text\" name=\"everest_forms[form_fields][NE5zSv6mRc-12][]\" value=\"Estudante de P\u00f3s-gradua\u00e7\u00e3o\" required ><label class=\"everest-forms-field-label-inline\" for=\"evf-1721-field_NE5zSv6mRc-12_5\">Estudante de P\u00f3s-gradua\u00e7\u00e3o<\/label><\/li><li class=\"choice-6 depth-1\"><input type=\"checkbox\" id=\"evf-1721-field_NE5zSv6mRc-12_6\" class=\"input-text\" name=\"everest_forms[form_fields][NE5zSv6mRc-12][]\" value=\"Outro\" required ><label class=\"everest-forms-field-label-inline\" for=\"evf-1721-field_NE5zSv6mRc-12_6\">Outro<\/label><\/li><\/ul><\/div><\/div><\/div><\/div><div class=\"evf-honeypot-container evf-field-hp\"><label for=\"evf-1721-field-hp\" class=\"evf-field-label\">Name<\/label><input type=\"text\" name=\"everest_forms[hp]\" id=\"evf-1721-field-hp\" class=\"input-text\"><\/div><div class=\"evf-submit-container \" ><input type=\"hidden\" name=\"everest_forms[id]\" value=\"1721\"><input type=\"hidden\" name=\"everest_forms[author]\" value=\"1\"><button type='submit' name='everest_forms[submit]' class='everest-forms-submit-button button evf-submit ' id='evf-submit-1721' value='evf-submit' data-process-text=\"Processando...\" conditional_rules='&quot;&quot;' conditional_id='evf-submit-1721'  id=\"evf-submit-1721\" aria-live=\"assertive\">Enviar<\/button><\/div><\/form><\/div><!-- .evf-container --><\/div>\n","protected":false},"excerpt":{"rendered":"","protected":false},"author":1,"featured_media":0,"parent":0,"menu_order":0,"comment_status":"closed","ping_status":"closed","template":"template-fullwidth.php","meta":{"footnotes":""},"class_list":["post-1722","page","type-page","status-publish","hentry"],"jetpack_sharing_enabled":true,"_links":{"self":[{"href":"https:\/\/cadernosdematematica.com.br\/curoslatex\/wp-json\/wp\/v2\/pages\/1722","targetHints":{"allow":["GET"]}}],"collection":[{"href":"https:\/\/cadernosdematematica.com.br\/curoslatex\/wp-json\/wp\/v2\/pages"}],"about":[{"href":"https:\/\/cadernosdematematica.com.br\/curoslatex\/wp-json\/wp\/v2\/types\/page"}],"author":[{"embeddable":true,"href":"https:\/\/cadernosdematematica.com.br\/curoslatex\/wp-json\/wp\/v2\/users\/1"}],"replies":[{"embeddable":true,"href":"https:\/\/cadernosdematematica.com.br\/curoslatex\/wp-json\/wp\/v2\/comments?post=1722"}],"version-history":[{"count":1,"href":"https:\/\/cadernosdematematica.com.br\/curoslatex\/wp-json\/wp\/v2\/pages\/1722\/revisions"}],"predecessor-version":[{"id":1723,"href":"https:\/\/cadernosdematematica.com.br\/curoslatex\/wp-json\/wp\/v2\/pages\/1722\/revisions\/1723"}],"wp:attachment":[{"href":"https:\/\/cadernosdematematica.com.br\/curoslatex\/wp-json\/wp\/v2\/media?parent=1722"}],"curies":[{"name":"wp","href":"https:\/\/api.w.org\/{rel}","templated":true}]}}