{"id":190,"date":"2020-04-12T11:39:28","date_gmt":"2020-04-12T11:39:28","guid":{"rendered":"https:\/\/cadernosdematematica.com.br\/curoslatex\/?page_id=190"},"modified":"2020-07-15T08:28:52","modified_gmt":"2020-07-15T11:28:52","slug":"paulo-rodrigues","status":"publish","type":"page","link":"https:\/\/cadernosdematematica.com.br\/curoslatex\/paulo-rodrigues\/","title":{"rendered":"Paulo Rodrigues"},"content":{"rendered":"<p>\u00c9 professor de matem\u00e1tica h\u00e1 26 anos e apaixonado pela fam\u00edlia TeX. Passou diversas madrugadas para baixar a primeira instala\u00e7\u00e3o TeX utilizando internet discada. Utiliza LaTeX diariamente desde ent\u00e3o para produzir notas de aula. J\u00e1 utilizou LaTeX para produzir dezenas de livros de matem\u00e1tica, livros de fam\u00edlia, livros de missa, documentos personalizados, apresenta\u00e7\u00f5es e muitos outros materiais.<\/p>\n<p>\u00c9 apaixonado tamb\u00e9m por livros e pela produ\u00e7\u00e3o de livros. Cresceu vendo a evolu\u00e7\u00e3o tecnol\u00f3gica na gr\u00e1fica do pai, desde a tipografia tradicional, linotipo, offset e impress\u00e3o digital.<\/p>\n","protected":false},"excerpt":{"rendered":"<p>\u00c9 professor de matem\u00e1tica h\u00e1 26 anos e apaixonado pela fam\u00edlia TeX. Passou diversas madrugadas para baixar a primeira instala\u00e7\u00e3o TeX utilizando internet discada. Utiliza LaTeX diariamente desde ent\u00e3o para produzir notas de aula. J\u00e1 utilizou LaTeX para produzir dezenas de livros de matem\u00e1tica, livros de fam\u00edlia, livros de missa, documentos personalizados, apresenta\u00e7\u00f5es e muitos outros materiais. \u00c9 apaixonado tamb\u00e9m<\/p>\n","protected":false},"author":1,"featured_media":106,"parent":0,"menu_order":0,"comment_status":"closed","ping_status":"closed","template":"","meta":{"footnotes":""},"class_list":["post-190","page","type-page","status-publish","has-post-thumbnail","hentry"],"jetpack_sharing_enabled":true,"_links":{"self":[{"href":"https:\/\/cadernosdematematica.com.br\/curoslatex\/wp-json\/wp\/v2\/pages\/190","targetHints":{"allow":["GET"]}}],"collection":[{"href":"https:\/\/cadernosdematematica.com.br\/curoslatex\/wp-json\/wp\/v2\/pages"}],"about":[{"href":"https:\/\/cadernosdematematica.com.br\/curoslatex\/wp-json\/wp\/v2\/types\/page"}],"author":[{"embeddable":true,"href":"https:\/\/cadernosdematematica.com.br\/curoslatex\/wp-json\/wp\/v2\/users\/1"}],"replies":[{"embeddable":true,"href":"https:\/\/cadernosdematematica.com.br\/curoslatex\/wp-json\/wp\/v2\/comments?post=190"}],"version-history":[{"count":9,"href":"https:\/\/cadernosdematematica.com.br\/curoslatex\/wp-json\/wp\/v2\/pages\/190\/revisions"}],"predecessor-version":[{"id":1054,"href":"https:\/\/cadernosdematematica.com.br\/curoslatex\/wp-json\/wp\/v2\/pages\/190\/revisions\/1054"}],"wp:featuredmedia":[{"embeddable":true,"href":"https:\/\/cadernosdematematica.com.br\/curoslatex\/wp-json\/wp\/v2\/media\/106"}],"wp:attachment":[{"href":"https:\/\/cadernosdematematica.com.br\/curoslatex\/wp-json\/wp\/v2\/media?parent=190"}],"curies":[{"name":"wp","href":"https:\/\/api.w.org\/{rel}","templated":true}]}}