{"id":587,"date":"2020-06-09T12:04:28","date_gmt":"2020-06-09T15:04:28","guid":{"rendered":"https:\/\/cadernosdematematica.com.br\/curoslatex\/?page_id=587"},"modified":"2022-04-23T12:50:36","modified_gmt":"2022-04-23T15:50:36","slug":"latex-para-trabalhos-academicos","status":"publish","type":"page","link":"https:\/\/cadernosdematematica.com.br\/curoslatex\/latex-para-trabalhos-academicos\/","title":{"rendered":"LaTeX para Documentos T\u00e9cnicos e Cient\u00edficos"},"content":{"rendered":"\n<figure class=\"wp-block-image size-large\"><img loading=\"lazy\" decoding=\"async\" width=\"616\" height=\"368\" src=\"https:\/\/cadernosdematematica.com.br\/curoslatex\/wp-content\/uploads\/2020\/08\/smartmockups_kdek1wvh.png\" alt=\"\" class=\"wp-image-1267\" srcset=\"https:\/\/cadernosdematematica.com.br\/curoslatex\/wp-content\/uploads\/2020\/08\/smartmockups_kdek1wvh.png 616w, https:\/\/cadernosdematematica.com.br\/curoslatex\/wp-content\/uploads\/2020\/08\/smartmockups_kdek1wvh-300x179.png 300w\" sizes=\"auto, (max-width: 616px) 100vw, 616px\" \/><\/figure>\n\n\n\n<p>Anunciamos  mais um curso: LaTeX para trabalhos acad\u00eamicos. O curso para quem precisa escrever um TCC, uma disserta\u00e7\u00e3o ou uma tese.<\/p>\n\n\n\n<p><\/p>\n\n\n\n<p> As aulas est\u00e3o gravadas e dispon\u00edveis para serem assistidas em qualquer hor\u00e1rio.<\/p>\n\n\n\n<h2 class=\"wp-block-heading\">Pr\u00e9-requisitos<\/h2>\n\n\n\n<p>Para o melhor aproveitamento do curso, o aluno deve ter pelo menos o conhecimento b\u00e1sico em LaTeX. Para os que n\u00e3o t\u00eam experi\u00eancia alguma, sugerimos que fa\u00e7a antes o curso <a href=\"https:\/\/cadernosdematematica.com.br\/curoslatex\/curso-latex-para-iniciantes-2\/\">LaTeX para Iniciantes<\/a>.<\/p>\n\n\n\n<h2 class=\"wp-block-heading\">Conte\u00fado<\/h2>\n\n\n\n<ul class=\"wp-block-list\"><li>Aula 1 &#8211; Configura\u00e7\u00f5es gerais de um tcc\/disserta\u00e7\u00e3o\/tese com a classe abntex2<\/li><li>Aula 2 &#8211;  Elementos Pr\u00e9-textuais<\/li><li>Aula 3 &#8211; Elementos Textuais<\/li><li>Aula 4 &#8211; Elementos P\u00f3s-textuais, Bibliografia.<\/li><\/ul>\n\n\n\n<p>Todas as aulas ficam podem ser acessadas a qualquer momento. O foco do curso \u00e9 a classe abntex2, que implementa as normas da ABNT para produ\u00e7\u00e3o de documentos t\u00e9cnicos e cient\u00edficos. Particularmente nos dedicamos a TCCs, Disserta\u00e7\u00f5es e Teses. Utilizamos a plataforma Overleaf. <\/p>\n\n\n\n<h2 class=\"wp-block-heading\">Certificado<\/h2>\n\n\n\n<ul class=\"wp-block-list\"><li>Todos os participantes  que entregarem as tr\u00eas tarefas propostas receber\u00e3o certificado 20h\/a.<\/li><\/ul>\n\n\n\n<h2 class=\"wp-block-heading\">Como os alunos avaliaram o \u00faltimo curso?<\/h2>\n\n\n\n<p>Em abril de 2020, realizamos o curso avan\u00e7ado&nbsp;<a href=\"https:\/\/cadernosdematematica.com.br\/curoslatex\/documentos-modernos-com-latex\/\">Documentos Modernos com LaTeX<\/a>.<br>Ao final do curso os alunos preencheram um&nbsp;<a href=\"https:\/\/cadernosdematematica.com.br\/curoslatex\/2020\/04\/28\/avalie-o-curso\/\">formul\u00e1rio an\u00f4nimo de avalia\u00e7\u00e3o do curso<\/a>.<br><strong>100% dos alunos concludentes avaliaram o curso como \u00d3timo ou Bom.<\/strong><\/p>\n\n\n\n<p>O que os alunos disseram ao final do curso:<\/p>\n\n\n\n<ul class=\"wp-block-list\"><li>\u201cMuito bem explicado. E tirando d\u00favidas em tempo real.\u201d<\/li><li>\u201cO curso foi ministrado de forma excelente.\u201d<\/li><li>\u201cExcelente abordagem geral dos conte\u00fados e incentivo a aprendizagem continuada a partir das orienta\u00e7\u00f5es iniciais.\u201d<\/li><li>\u201cBom, pois o professor demostrava a maior aten\u00e7\u00e3o com todos que tinham d\u00favidas.\u201d<\/li><li>\u201cEstou fazendo uma disciplina do mestrado na qual aprendemos LaTeX para a escrita da disserta\u00e7\u00e3o. O curso foi de grande valia pois aprendi muitas coisas e macetes bacanas. Foi meu primeiro contato com o Overleaf e gostei demais.\u201d<\/li><li>\u201cO curso me fez conhecer recursos de LaTeX at\u00e9 ent\u00e3o desconhecidos para mim. O professor foi sempre muito acess\u00edvel tanto nas aulas quanto fora delas ao sanar d\u00favidas e sempre disponibilizar excelentes materiais de apoio.\u201d<\/li><\/ul>\n\n\n\n<h2 class=\"wp-block-heading\">Investimento<\/h2>\n\n\n\n<p>R$ 79,90<\/p>\n\n\n\n<h2 class=\"wp-block-heading\">Inscri\u00e7\u00e3o<\/h2>\n\n\n\n<div class=\"wp-block-buttons is-layout-flex wp-block-buttons-is-layout-flex\">\n<div class=\"wp-block-button\"><a class=\"wp-block-button__link has-background\" href=\"https:\/\/cadernosdematematica.com.br\/curoslatex\/inscricao\/\" style=\"background-color:#256f8f\">Fa\u00e7a sua inscri\u00e7\u00e3o na Secretaria<\/a><\/div>\n<\/div>\n\n\n\n<p><\/p>\n","protected":false},"excerpt":{"rendered":"<p>Anunciamos mais um curso: LaTeX para trabalhos acad\u00eamicos. O curso para quem precisa escrever um TCC, uma disserta\u00e7\u00e3o ou uma tese. As aulas est\u00e3o gravadas e dispon\u00edveis para serem assistidas em qualquer hor\u00e1rio. Pr\u00e9-requisitos Para o melhor aproveitamento do curso, o aluno deve ter pelo menos o conhecimento b\u00e1sico em LaTeX. Para os que n\u00e3o t\u00eam experi\u00eancia alguma, sugerimos que<\/p>\n","protected":false},"author":1,"featured_media":1676,"parent":0,"menu_order":0,"comment_status":"closed","ping_status":"closed","template":"","meta":{"footnotes":""},"class_list":["post-587","page","type-page","status-publish","has-post-thumbnail","hentry"],"jetpack_sharing_enabled":true,"_links":{"self":[{"href":"https:\/\/cadernosdematematica.com.br\/curoslatex\/wp-json\/wp\/v2\/pages\/587","targetHints":{"allow":["GET"]}}],"collection":[{"href":"https:\/\/cadernosdematematica.com.br\/curoslatex\/wp-json\/wp\/v2\/pages"}],"about":[{"href":"https:\/\/cadernosdematematica.com.br\/curoslatex\/wp-json\/wp\/v2\/types\/page"}],"author":[{"embeddable":true,"href":"https:\/\/cadernosdematematica.com.br\/curoslatex\/wp-json\/wp\/v2\/users\/1"}],"replies":[{"embeddable":true,"href":"https:\/\/cadernosdematematica.com.br\/curoslatex\/wp-json\/wp\/v2\/comments?post=587"}],"version-history":[{"count":22,"href":"https:\/\/cadernosdematematica.com.br\/curoslatex\/wp-json\/wp\/v2\/pages\/587\/revisions"}],"predecessor-version":[{"id":1679,"href":"https:\/\/cadernosdematematica.com.br\/curoslatex\/wp-json\/wp\/v2\/pages\/587\/revisions\/1679"}],"wp:featuredmedia":[{"embeddable":true,"href":"https:\/\/cadernosdematematica.com.br\/curoslatex\/wp-json\/wp\/v2\/media\/1676"}],"wp:attachment":[{"href":"https:\/\/cadernosdematematica.com.br\/curoslatex\/wp-json\/wp\/v2\/media?parent=587"}],"curies":[{"name":"wp","href":"https:\/\/api.w.org\/{rel}","templated":true}]}}